{"id":880,"date":"2019-07-25T21:34:14","date_gmt":"2019-07-25T21:34:14","guid":{"rendered":"http:\/\/asalaranjeiras.org.br\/site\/?page_id=880"},"modified":"2024-02-23T23:49:54","modified_gmt":"2024-02-23T23:49:54","slug":"centros-de-educacao","status":"publish","type":"page","link":"https:\/\/asalaranjeiras.org.br\/site\/centros-de-educacao\/","title":{"rendered":"Centros de Educa\u00e7\u00e3o"},"content":{"rendered":"\n<p>Os Centros de Educa\u00e7\u00e3o Asa Laranjeiras (CEALs) s\u00e3o espa\u00e7os socioeducativos onde oferecemos atividades gratuitas voltadas a crian\u00e7as e jovens. Eles est\u00e3o localizados nos bairros do Patrim\u00f4nio, Vila Orat\u00f3rio e Ponta Negra, territ\u00f3rios pr\u00f3ximos e conectados entre si, por\u00e9m com caracter\u00edsticas socioculturais distintas, dentro da diversidade cultural e natural de Paraty. Na Ponta Negra, o CEAL que ficou conhecido como \u201ccasinha\u201d, est\u00e1 inserido em uma comunidade tradicional cai\u00e7ara, de dif\u00edcil acesso.<\/p>\n\n\n\n<p>Cada uma das atividades realizadas nos Centros de Educa\u00e7\u00e3o tem o intuito de colaborar com a forma\u00e7\u00e3o de cidad\u00e3os cr\u00edticos, aut\u00f4nomos e respons\u00e1veis consigo mesmos e com o mundo.<\/p>\n\n\n\n<p>Nosso dia a dia \u00e9 pensado para aproximar, promover o encontro, a conviv\u00eancia e a participa\u00e7\u00e3o e, para somar for\u00e7as, conectamos comunidade, fam\u00edlia e escola com o objetivo de contribuir positivamente para a transforma\u00e7\u00e3o do territ\u00f3rio. Os CEALs s\u00e3o espa\u00e7os abertos para o di\u00e1logo e para a constru\u00e7\u00e3o do futuro que queremos.<\/p>\n\n\n\n<ul class=\"wp-block-list\">\n<li>Ponta Negra<br>CEAL Ponta Negra<\/li>\n\n\n\n<li>Vila Orat\u00f3rio<br>CEAL Laranjeiras<\/li>\n\n\n\n<li>Patrim\u00f4nio<br>CEAL Patrim\u00f4nio<\/li>\n<\/ul>\n\n\n\n<hr class=\"wp-block-separator has-css-opacity\"\/>\n\n\n<div class=\"wp-block-image\">\n<figure class=\"aligncenter is-resized\"><img loading=\"lazy\" decoding=\"async\" width=\"913\" height=\"941\" src=\"http:\/\/asalaranjeiras.org.br\/site\/wp-content\/uploads\/2019\/07\/Imagem1.png\" alt=\"Mapa de localiza\u00e7\u00e3o dos CEICs\" class=\"wp-image-893\" style=\"width:913px;height:941px\" srcset=\"https:\/\/asalaranjeiras.org.br\/site\/wp-content\/uploads\/2019\/07\/Imagem1.png 913w, https:\/\/asalaranjeiras.org.br\/site\/wp-content\/uploads\/2019\/07\/Imagem1-600x618.png 600w, https:\/\/asalaranjeiras.org.br\/site\/wp-content\/uploads\/2019\/07\/Imagem1-291x300.png 291w, https:\/\/asalaranjeiras.org.br\/site\/wp-content\/uploads\/2019\/07\/Imagem1-768x792.png 768w\" sizes=\"auto, (max-width: 913px) 100vw, 913px\" \/><\/figure><\/div>","protected":false},"excerpt":{"rendered":"<p>Os Centros de Educa\u00e7\u00e3o Asa Laranjeiras (CEALs) s\u00e3o espa\u00e7os socioeducativos onde oferecemos atividades gratuitas voltadas a crian\u00e7as e jovens. Eles est\u00e3o localizados nos bairros do Patrim\u00f4nio, Vila Orat\u00f3rio e Ponta Negra, territ\u00f3rios pr\u00f3ximos e conectados entre si, por\u00e9m com caracter\u00edsticas socioculturais distintas, dentro da diversidade cultural e natural de Paraty. Na Ponta Negra, o CEAL [&hellip;]<\/p>\n","protected":false},"author":2,"featured_media":0,"parent":0,"menu_order":0,"comment_status":"closed","ping_status":"closed","template":"template-fullwidth.php","meta":{"_uag_custom_page_level_css":"","ghostkit_customizer_options":"","ghostkit_custom_css":"","ghostkit_custom_js_head":"","ghostkit_custom_js_foot":"","ghostkit_typography":"","footnotes":""},"class_list":["post-880","page","type-page","status-publish","hentry"],"uagb_featured_image_src":{"full":false,"thumbnail":false,"medium":false,"medium_large":false,"large":false,"1536x1536":false,"2048x2048":false,"awb_sm":false,"awb_md":false,"awb_lg":false,"awb_xl":false,"smr-thumb":false,"smr-thumb-full":false},"uagb_author_info":{"display_name":"Associa\u00e7\u00e3o Cairu\u00e7u","author_link":"https:\/\/asalaranjeiras.org.br\/site\/author\/cairucu\/"},"uagb_comment_info":0,"uagb_excerpt":"Os Centros de Educa\u00e7\u00e3o Asa Laranjeiras (CEALs) s\u00e3o espa\u00e7os socioeducativos onde oferecemos atividades gratuitas voltadas a crian\u00e7as e jovens. Eles est\u00e3o localizados nos bairros do Patrim\u00f4nio, Vila Orat\u00f3rio e Ponta Negra, territ\u00f3rios pr\u00f3ximos e conectados entre si, por\u00e9m com caracter\u00edsticas socioculturais distintas, dentro da diversidade cultural e natural de Paraty. Na Ponta Negra, o CEAL&hellip;","_links":{"self":[{"href":"https:\/\/asalaranjeiras.org.br\/site\/wp-json\/wp\/v2\/pages\/880","targetHints":{"allow":["GET"]}}],"collection":[{"href":"https:\/\/asalaranjeiras.org.br\/site\/wp-json\/wp\/v2\/pages"}],"about":[{"href":"https:\/\/asalaranjeiras.org.br\/site\/wp-json\/wp\/v2\/types\/page"}],"author":[{"embeddable":true,"href":"https:\/\/asalaranjeiras.org.br\/site\/wp-json\/wp\/v2\/users\/2"}],"replies":[{"embeddable":true,"href":"https:\/\/asalaranjeiras.org.br\/site\/wp-json\/wp\/v2\/comments?post=880"}],"version-history":[{"count":11,"href":"https:\/\/asalaranjeiras.org.br\/site\/wp-json\/wp\/v2\/pages\/880\/revisions"}],"predecessor-version":[{"id":49292,"href":"https:\/\/asalaranjeiras.org.br\/site\/wp-json\/wp\/v2\/pages\/880\/revisions\/49292"}],"wp:attachment":[{"href":"https:\/\/asalaranjeiras.org.br\/site\/wp-json\/wp\/v2\/media?parent=880"}],"curies":[{"name":"wp","href":"https:\/\/api.w.org\/{rel}","templated":true}]}}

Centros de Educação

<p>Os Centros de Educação Asa Laranjeiras (CEALs) são espaços socioeducativos onde oferecemos atividades gratuitas voltadas a crianças e jovens. Eles estão localizados nos bairros do Patrimônio, Vila Oratório e Ponta Negra, territórios próximos e conectados entre si, porém com características socioculturais distintas, dentro da diversidade cultural e natural de Paraty. Na Ponta Negra, o CEAL que ficou conhecido como “casinha”, está inserido em uma comunidade tradicional caiçara, de difícil acesso.</p>



<p>Cada uma das atividades realizadas nos Centros de Educação tem o intuito de colaborar com a formação de cidadãos críticos, autônomos e responsáveis consigo mesmos e com o mundo.</p>



<p>Nosso dia a dia é pensado para aproximar, promover o encontro, a convivência e a participação e, para somar forças, conectamos comunidade, família e escola com o objetivo de contribuir positivamente para a transformação do território. Os CEALs são espaços abertos para o diálogo e para a construção do futuro que queremos.</p>



<ul class="wp-block-list">
<li>Ponta Negra<br>CEAL Ponta Negra</li>



<li>Vila Oratório<br>CEAL Laranjeiras</li>



<li>Patrimônio<br>CEAL Patrimônio</li>
</ul>



<hr class="wp-block-separator has-css-opacity"/>


<div class="wp-block-image">
<figure class="aligncenter is-resized"><img loading="lazy" decoding="async" width="913" height="941" src="http://asalaranjeiras.org.br/site/wp-content/uploads/2019/07/Imagem1.png" alt="Mapa de localização dos CEICs" class="wp-image-893" style="width:913px;height:941px" srcset="https://asalaranjeiras.org.br/site/wp-content/uploads/2019/07/Imagem1.png 913w, https://asalaranjeiras.org.br/site/wp-content/uploads/2019/07/Imagem1-600x618.png 600w, https://asalaranjeiras.org.br/site/wp-content/uploads/2019/07/Imagem1-291x300.png 291w, https://asalaranjeiras.org.br/site/wp-content/uploads/2019/07/Imagem1-768x792.png 768w" sizes="auto, (max-width: 913px) 100vw, 913px" /></figure></div>

<p>Os Centros de Educação Asa Laranjeiras (CEALs) são espaços socioeducativos onde oferecemos atividades gratuitas voltadas a crianças e jovens. Eles estão localizados nos bairros do Patrimônio, Vila Oratório e Ponta Negra, territórios próximos e conectados entre si, porém com características socioculturais distintas, dentro da diversidade cultural e natural de Paraty. Na Ponta Negra, o CEAL [&hellip;]</p>

Associação Cairuçu

Os Centros de Educação Asa Laranjeiras (CEALs) são espaços socioeducativos onde oferecemos atividades gratuitas voltadas a crianças e jovens. Eles estão localizados nos bairros do Patrimônio, Vila Oratório e Ponta Negra, territórios próximos e conectados entre si, porém com características socioculturais distintas, dentro da diversidade cultural e natural de Paraty. Na Ponta Negra, o CEAL&hellip;
